{"id":3,"date":"2023-02-09T17:44:58","date_gmt":"2023-02-09T17:44:58","guid":{"rendered":"http:\/\/www.hispanicadelimpieza.es\/?page_id=3"},"modified":"2023-03-07T11:10:19","modified_gmt":"2023-03-07T11:10:19","slug":"politica-privacidad","status":"publish","type":"page","link":"https:\/\/www.hispanicadelimpieza.es\/index.php\/politica-privacidad\/","title":{"rendered":"Pol\u00edtica de privacidad"},"content":{"rendered":"\t\t<div data-elementor-type=\"wp-page\" data-elementor-id=\"3\" class=\"elementor elementor-3\">\n\t\t\t\t\t\t<section class=\"elementor-section elementor-top-section elementor-element elementor-element-26871012 elementor-section-boxed elementor-section-height-default elementor-section-height-default\" data-id=\"26871012\" data-element_type=\"section\">\n\t\t\t\t\t\t<div class=\"elementor-container elementor-column-gap-default\">\n\t\t\t\t\t<div class=\"elementor-column elementor-col-100 elementor-top-column elementor-element elementor-element-4e7f05ac\" data-id=\"4e7f05ac\" data-element_type=\"column\" data-settings=\"{&quot;background_background&quot;:&quot;classic&quot;}\">\n\t\t\t<div class=\"elementor-widget-wrap elementor-element-populated\">\n\t\t\t\t\t\t<div class=\"elementor-element elementor-element-ac03c7c elementor-widget elementor-widget-heading\" data-id=\"ac03c7c\" data-element_type=\"widget\" data-widget_type=\"heading.default\">\n\t\t\t\t<div class=\"elementor-widget-container\">\n\t\t\t\t\t<h2 class=\"elementor-heading-title elementor-size-default\">Pol\u00edtica de Cookies<\/h2>\t\t\t\t<\/div>\n\t\t\t\t<\/div>\n\t\t\t\t<div class=\"elementor-element elementor-element-612a8ce6 elementor-widget elementor-widget-text-editor\" data-id=\"612a8ce6\" data-element_type=\"widget\" data-widget_type=\"text-editor.default\">\n\t\t\t\t<div class=\"elementor-widget-container\">\n\t\t\t\t\t\t\t\t\t\n<h4 class=\"wp-block-heading\">QUI\u00c9NES SOMOS<\/h4>\n\n<p>La direcci\u00f3n de nuestra web es: http:\/\/www.hispanicadelimpieza.es.<\/p>\n<p>\u00a0<\/p>\n\n<h4 class=\"wp-block-heading\">COMENTARIOS<\/h4>\n\n<p>Cuando los visitantes dejan comentarios en la web, recopilamos los datos que se muestran en el formulario de comentarios, as\u00ed como la direcci\u00f3n IP del visitante y la cadena de agentes de usuario del navegador para ayudar a la detecci\u00f3n de spam.<br \/><br \/><\/p>\n\n<p>Una cadena an\u00f3nima creada a partir de tu direcci\u00f3n de correo electr\u00f3nico (tambi\u00e9n llamada hash) puede ser proporcionada al servicio de Gravatar para ver si la est\u00e1s usando. La pol\u00edtica de privacidad del servicio Gravatar est\u00e1 disponible aqu\u00ed: https:\/\/automattic.com\/privacy\/. Despu\u00e9s de la aprobaci\u00f3n de tu comentario, la imagen de tu perfil es visible para el p\u00fablico en el contexto de tu comentario.<\/p>\n<p>\u00a0<\/p>\n\n<h4 class=\"wp-block-heading\">MEDIOS<\/h4>\n\n<p>Si subes im\u00e1genes a la web, deber\u00edas evitar subir im\u00e1genes con datos de ubicaci\u00f3n (GPS EXIF) incluidos. Los visitantes de la web pueden descargar y extraer cualquier dato de ubicaci\u00f3n de las im\u00e1genes de la web.<\/p>\n<p>\u00a0<\/p>\n\n<h4 class=\"wp-block-heading\">CONTENIDO INCRUSTADO DE OTROS SITIOS WEB<\/h4>\n\n<p>Los art\u00edculos de este sitio pueden incluir contenido incrustado (por ejemplo, v\u00eddeos, im\u00e1genes, art\u00edculos, etc.). El contenido incrustado de otras webs se comporta exactamente de la misma manera que si el visitante hubiera visitado la otra web.<br \/><br \/>Estas web pueden recopilar datos sobre ti, utilizar cookies, incrustar un seguimiento adicional de terceros, y supervisar tu interacci\u00f3n con ese contenido incrustado, incluido el seguimiento de tu interacci\u00f3n con el contenido incrustado si tienes una cuenta y est\u00e1s conectado a esa web.<\/p>\n<p>\u00a0<\/p>\n\n<h4 class=\"wp-block-heading\">CON QUI\u00c9N COMPARTIMOS TUS DATOS<\/h4>\n\n<p>Si solicitas un restablecimiento de contrase\u00f1a, tu direcci\u00f3n IP ser\u00e1 incluida en el correo electr\u00f3nico de restablecimiento.<\/p>\n<p>\u00a0<\/p>\n\n<h4 class=\"wp-block-heading\">CU\u00c1NTO TIEMPO CONSERVAMOS TUS DATOS<\/h4>\n\n<p>Si dejas un comentario, el comentario y sus metadatos se conservan indefinidamente. Esto es para que podamos reconocer y aprobar comentarios sucesivos autom\u00e1ticamente, en lugar de mantenerlos en una cola de moderaci\u00f3n.<\/p>\n\n<p>De los usuarios que se registran en nuestra web (si los hay), tambi\u00e9n almacenamos la informaci\u00f3n personal que proporcionan en su perfil de usuario. Todos los usuarios pueden ver, editar o eliminar su informaci\u00f3n personal en cualquier momento (excepto que no pueden cambiar su nombre de usuario). Los administradores de la web tambi\u00e9n pueden ver y editar esa informaci\u00f3n.<\/p>\n<p>\u00a0<\/p>\n\n<h4 class=\"wp-block-heading\">QU\u00c9 DERECHOS TIENES SOBRE TUS DATOS<\/h4>\n\n<p>Si tienes una cuenta o has dejado comentarios en esta web, puedes solicitar recibir un archivo de exportaci\u00f3n de los datos personales que tenemos sobre ti, incluyendo cualquier dato que nos hayas proporcionado. Tambi\u00e9n puedes solicitar que eliminemos cualquier dato personal que tengamos sobre ti. Esto no incluye ning\u00fan dato que estemos obligados a conservar con fines administrativos, legales o de seguridad.<\/p>\n<p>\u00a0<\/p>\n\n<h4 class=\"wp-block-heading\">D\u00d3NDE SE ENV\u00cdAN TUS DATOS<\/h4>\n\n<p>Los comentarios de los visitantes puede que los revise un servicio de detecci\u00f3n autom\u00e1tica de spam.<\/p>\n\t\t\t\t\t\t\t\t<\/div>\n\t\t\t\t<\/div>\n\t\t\t\t\t<\/div>\n\t\t<\/div>\n\t\t\t\t\t<\/div>\n\t\t<\/section>\n\t\t\t\t<\/div>\n\t\t","protected":false},"excerpt":{"rendered":"<p>Pol\u00edtica de Cookies QUI\u00c9NES SOMOS La direcci\u00f3n de nuestra web es: http:\/\/www.hispanicadelimpieza.es. \u00a0 COMENTARIOS Cuando los visitantes dejan comentarios en la web, recopilamos los datos que se muestran en el formulario de comentarios, as\u00ed como la direcci\u00f3n IP del visitante y la cadena de agentes de usuario del navegador para ayudar a la detecci\u00f3n de&hellip; <a class=\"more-link\" href=\"https:\/\/www.hispanicadelimpieza.es\/index.php\/politica-privacidad\/\">Seguir leyendo <span class=\"screen-reader-text\">Pol\u00edtica de privacidad<\/span><\/a><\/p>\n","protected":false},"author":1,"featured_media":0,"parent":0,"menu_order":0,"comment_status":"closed","ping_status":"open","template":"elementor_header_footer","meta":{"footnotes":""},"class_list":["post-3","page","type-page","status-publish","hentry","entry"],"yoast_head":"<!-- This site is optimized with the Yoast SEO plugin v25.4 - https:\/\/yoast.com\/wordpress\/plugins\/seo\/ -->\n<title>Pol\u00edtica de privacidad - Hispanica de Limpieza S.A.<\/title>\n<meta name=\"description\" content=\"Nuestra pol\u00edtica sobre como tratamos la privacidad de sus datos, etc...\" \/>\n<meta name=\"robots\" content=\"index, follow, max-snippet:-1, max-image-preview:large, max-video-preview:-1\" \/>\n<link rel=\"canonical\" href=\"https:\/\/www.hispanicadelimpieza.es\/index.php\/politica-privacidad\/\" \/>\n<meta property=\"og:locale\" content=\"es_ES\" \/>\n<meta property=\"og:type\" content=\"article\" \/>\n<meta property=\"og:title\" content=\"Pol\u00edtica de privacidad - Hispanica de Limpieza S.A.\" \/>\n<meta property=\"og:description\" content=\"Nuestra pol\u00edtica sobre como tratamos la privacidad de sus datos, etc...\" \/>\n<meta property=\"og:url\" content=\"https:\/\/www.hispanicadelimpieza.es\/index.php\/politica-privacidad\/\" \/>\n<meta property=\"og:site_name\" content=\"Hispanica de Limpieza S.A.\" \/>\n<meta property=\"article:modified_time\" content=\"2023-03-07T11:10:19+00:00\" \/>\n<meta name=\"twitter:card\" content=\"summary_large_image\" \/>\n<meta name=\"twitter:label1\" content=\"Tiempo de lectura\" \/>\n\t<meta name=\"twitter:data1\" content=\"3 minutos\" \/>\n<script type=\"application\/ld+json\" class=\"yoast-schema-graph\">{\"@context\":\"https:\/\/schema.org\",\"@graph\":[{\"@type\":\"WebPage\",\"@id\":\"https:\/\/www.hispanicadelimpieza.es\/index.php\/politica-privacidad\/\",\"url\":\"https:\/\/www.hispanicadelimpieza.es\/index.php\/politica-privacidad\/\",\"name\":\"Pol\u00edtica de privacidad - Hispanica de Limpieza S.A.\",\"isPartOf\":{\"@id\":\"https:\/\/www.hispanicadelimpieza.es\/#website\"},\"datePublished\":\"2023-02-09T17:44:58+00:00\",\"dateModified\":\"2023-03-07T11:10:19+00:00\",\"description\":\"Nuestra pol\u00edtica sobre como tratamos la privacidad de sus datos, etc...\",\"breadcrumb\":{\"@id\":\"https:\/\/www.hispanicadelimpieza.es\/index.php\/politica-privacidad\/#breadcrumb\"},\"inLanguage\":\"es\",\"potentialAction\":[{\"@type\":\"ReadAction\",\"target\":[\"https:\/\/www.hispanicadelimpieza.es\/index.php\/politica-privacidad\/\"]}]},{\"@type\":\"BreadcrumbList\",\"@id\":\"https:\/\/www.hispanicadelimpieza.es\/index.php\/politica-privacidad\/#breadcrumb\",\"itemListElement\":[{\"@type\":\"ListItem\",\"position\":1,\"name\":\"Portada\",\"item\":\"https:\/\/www.hispanicadelimpieza.es\/\"},{\"@type\":\"ListItem\",\"position\":2,\"name\":\"Pol\u00edtica de privacidad\"}]},{\"@type\":\"WebSite\",\"@id\":\"https:\/\/www.hispanicadelimpieza.es\/#website\",\"url\":\"https:\/\/www.hispanicadelimpieza.es\/\",\"name\":\"Hispanica de Limpieza S.A.\",\"description\":\"\",\"potentialAction\":[{\"@type\":\"SearchAction\",\"target\":{\"@type\":\"EntryPoint\",\"urlTemplate\":\"https:\/\/www.hispanicadelimpieza.es\/?s={search_term_string}\"},\"query-input\":{\"@type\":\"PropertyValueSpecification\",\"valueRequired\":true,\"valueName\":\"search_term_string\"}}],\"inLanguage\":\"es\"}]}<\/script>\n<!-- \/ Yoast SEO plugin. -->","yoast_head_json":{"title":"Pol\u00edtica de privacidad - Hispanica de Limpieza S.A.","description":"Nuestra pol\u00edtica sobre como tratamos la privacidad de sus datos, etc...","robots":{"index":"index","follow":"follow","max-snippet":"max-snippet:-1","max-image-preview":"max-image-preview:large","max-video-preview":"max-video-preview:-1"},"canonical":"https:\/\/www.hispanicadelimpieza.es\/index.php\/politica-privacidad\/","og_locale":"es_ES","og_type":"article","og_title":"Pol\u00edtica de privacidad - Hispanica de Limpieza S.A.","og_description":"Nuestra pol\u00edtica sobre como tratamos la privacidad de sus datos, etc...","og_url":"https:\/\/www.hispanicadelimpieza.es\/index.php\/politica-privacidad\/","og_site_name":"Hispanica de Limpieza S.A.","article_modified_time":"2023-03-07T11:10:19+00:00","twitter_card":"summary_large_image","twitter_misc":{"Tiempo de lectura":"3 minutos"},"schema":{"@context":"https:\/\/schema.org","@graph":[{"@type":"WebPage","@id":"https:\/\/www.hispanicadelimpieza.es\/index.php\/politica-privacidad\/","url":"https:\/\/www.hispanicadelimpieza.es\/index.php\/politica-privacidad\/","name":"Pol\u00edtica de privacidad - Hispanica de Limpieza S.A.","isPartOf":{"@id":"https:\/\/www.hispanicadelimpieza.es\/#website"},"datePublished":"2023-02-09T17:44:58+00:00","dateModified":"2023-03-07T11:10:19+00:00","description":"Nuestra pol\u00edtica sobre como tratamos la privacidad de sus datos, etc...","breadcrumb":{"@id":"https:\/\/www.hispanicadelimpieza.es\/index.php\/politica-privacidad\/#breadcrumb"},"inLanguage":"es","potentialAction":[{"@type":"ReadAction","target":["https:\/\/www.hispanicadelimpieza.es\/index.php\/politica-privacidad\/"]}]},{"@type":"BreadcrumbList","@id":"https:\/\/www.hispanicadelimpieza.es\/index.php\/politica-privacidad\/#breadcrumb","itemListElement":[{"@type":"ListItem","position":1,"name":"Portada","item":"https:\/\/www.hispanicadelimpieza.es\/"},{"@type":"ListItem","position":2,"name":"Pol\u00edtica de privacidad"}]},{"@type":"WebSite","@id":"https:\/\/www.hispanicadelimpieza.es\/#website","url":"https:\/\/www.hispanicadelimpieza.es\/","name":"Hispanica de Limpieza S.A.","description":"","potentialAction":[{"@type":"SearchAction","target":{"@type":"EntryPoint","urlTemplate":"https:\/\/www.hispanicadelimpieza.es\/?s={search_term_string}"},"query-input":{"@type":"PropertyValueSpecification","valueRequired":true,"valueName":"search_term_string"}}],"inLanguage":"es"}]}},"_links":{"self":[{"href":"https:\/\/www.hispanicadelimpieza.es\/index.php\/wp-json\/wp\/v2\/pages\/3","targetHints":{"allow":["GET"]}}],"collection":[{"href":"https:\/\/www.hispanicadelimpieza.es\/index.php\/wp-json\/wp\/v2\/pages"}],"about":[{"href":"https:\/\/www.hispanicadelimpieza.es\/index.php\/wp-json\/wp\/v2\/types\/page"}],"author":[{"embeddable":true,"href":"https:\/\/www.hispanicadelimpieza.es\/index.php\/wp-json\/wp\/v2\/users\/1"}],"replies":[{"embeddable":true,"href":"https:\/\/www.hispanicadelimpieza.es\/index.php\/wp-json\/wp\/v2\/comments?post=3"}],"version-history":[{"count":0,"href":"https:\/\/www.hispanicadelimpieza.es\/index.php\/wp-json\/wp\/v2\/pages\/3\/revisions"}],"wp:attachment":[{"href":"https:\/\/www.hispanicadelimpieza.es\/index.php\/wp-json\/wp\/v2\/media?parent=3"}],"curies":[{"name":"wp","href":"https:\/\/api.w.org\/{rel}","templated":true}]}}